{"id":123,"date":"2019-07-11T14:30:11","date_gmt":"2019-07-11T12:30:11","guid":{"rendered":"https:\/\/www.die-seesterne.de\/neu\/?page_id=123"},"modified":"2025-11-25T08:42:50","modified_gmt":"2025-11-25T07:42:50","slug":"impressum","status":"publish","type":"page","link":"https:\/\/www.die-seesterne.de\/index.php\/impressum\/","title":{"rendered":"Impressum"},"content":{"rendered":"\r\n<h3 class=\"wp-block-heading\">Anbieter \/ Vertretungsberechtigte \/ Inhaltlich Verantwortliche:<\/h3>\r\n\r\n\r\n\r\n<p>Gastronomiekooperation Die Seesterne UG<br \/>Gastgeber im Jeverland<br \/>26434 Horumersiel<br \/>Telefon: 04426-9903104<br \/>Mail: <a href=\"mailto:info@die-seesterne.de\">info@die-seesterne.de<\/a><\/p>\r\n\r\n\r\n\r\n<p>Web-Site Design und technische Umsetzung:<\/p>\r\n\r\n\r\n\r\n<p><a href=\"https:\/\/www.t4-consulting.de\" target=\"_blank\" rel=\"noreferrer noopener\">T4 Consulting die regionale Medienagentur<\/a><\/p>\r\n\r\n\r\n\r\n<p><strong>Haftungsausschluss<\/strong><\/p>\r\n\r\n\r\n\r\n<p><strong>Haftung f\u00fcr Inhalte<\/strong><br \/>Die Inhalte unserer Seiten wurden mit gr\u00f6\u00dfter Sorgfalt erstellt. F\u00fcr die Richtigkeit, Vollst\u00e4ndigkeit und Aktualit\u00e4t der Inhalte k\u00f6nnen wir jedoch keine Gew\u00e4hr \u00fcbernehmen. Als Dienstanbieter sind wir gem\u00e4\u00df \u00a7 7 Abs.1 TMG f\u00fcr eigene Inhalte auf diesen Seiten nach den allgemeinen Gesetzen verantwortlich. Nach \u00a7\u00a7 8 bis 10 TMG sind wir als Diensteanbieter jedoch nicht verpflichtet, \u00fcbermittelte oder gespeicherte fremde Informationen zu \u00fcberwachen oder nach Umst\u00e4nden zu forschen, die auf eine rechtswidrige T\u00e4tigkeit hinweisen. Verpflichtungen zur Entfernung oder Sperrung der Nutzung von Informationen nach den allgemeinen Gesetzen bleiben hiervon unber\u00fchrt. Eine diesbez\u00fcgliche Haftung ist jedoch erst ab dem Zeitpunkt der Kenntnis einer konkreten Rechtsverletzung m\u00f6glich. Bei Bekanntwerden von entsprechenden Rechtsverletzungen werden wir diese Inhalte umgehend entfernen.<\/p>\r\n\r\n\r\n\r\n<p><strong>Haftung f\u00fcr Links<\/strong><br \/>Unser Angebot enth\u00e4lt Links zu externen Webseiten Dritter, auf deren Inhalte wir keinen Einfluss haben. Deshalb k\u00f6nnen wir f\u00fcr diese fremden Inhalte auch keine Gew\u00e4hr \u00fcbernehmen. F\u00fcr die Inhalte der verlinkten Seiten ist stets der jeweilige Anbieter oder Betreiber der Seiten verantwortlich. Die verlinkten Seiten wurden zum Zeitpunkt der Verlinkung auf m\u00f6gliche Rechtsverst\u00f6\u00dfe \u00fcberpr\u00fcft. Rechtswidrige Inhalte waren zum Zeitpunkt der Verlinkung nicht erkennbar. Eine permanente inhaltliche Kontrolle der verlinkten Seiten ist jedoch ohne konkrete Anhaltspunkte einer Rechtsverletzung nicht zumutbar. Bei Bekanntwerden von Rechtsverletzungen werden wir derartige Links umgehend entfernen.<\/p>\r\n\r\n\r\n\r\n<p><strong>Urheberrecht<\/strong><br \/>Die durch die Seitenbetreiber erstellten Inhalte und Werke auf diesen Seiten unterliegen dem deutschen Urheberrecht. Die Vervielf\u00e4ltigung, Bearbeitung, Verbreitung und jede Art der Verwertung au\u00dferhalb der Grenzen des Urheberrechtes bed\u00fcrfen der schriftlichen Zustimmung des jeweiligen Autors bzw. Erstellers. Downloads und Kopien dieser Seite sind nur f\u00fcr den privaten, nicht kommerziellen Gebrauch gestattet. Soweit die Inhalte auf dieser Seite nicht vom Betreiber erstellt wurden, werden die Urheberrechte Dritter beachtet. Insbesondere werden Inhalte Dritter als solche gekennzeichnet. Sollten Sie trotzdem auf eine Urheberrechtsverletzung aufmerksam werden, bitten wir um einen entsprechenden Hinweis. Bei Bekanntwerden von Rechtsverletzungen werden wir derartige Inhalte umgehend entfernen.<\/p>\r\n\r\n\r\n\r\n<p><strong>Pflichtinformation nach der Verordnung (EU) Nr. 524\/2013 des Europ\u00e4ischen Parlaments und Rats:<\/strong><br \/>Link zur Homepage der Stelle f\u00fcr die Online-Beilegung verbraucherrechtlicher Streitigkeiten der Europ\u00e4ischen Kommission: http:\/\/ec.europa.eu\/consumers\/odr\/ &#8211; weiterf\u00fchrende Informationen stehen Ihnen dort voraussichtlich ab dem 15.02.2016 zur Verf\u00fcgung. F\u00fcr erste Fragen zu einer m\u00f6glichen Streitschlichtung stehen wir Ihnen unter <a href=\"mailto:info@die-seesterne.de\">info@die-seesterne.de<\/a> zur Verf\u00fcgung.<\/p>\r\n\r\n\r\n\r\n<p><strong>Mandatory information according to the Regulation (EU) No 524\/2013 of the European Parliament and of the Council:<\/strong><br \/>Follow this link to the website of the European Commission\u2019s entity for online dispute resolution for consumer disputes: http:\/\/ec.europa.eu\/consumers\/odr\/ &#8211; further information is expected to be available there from 15 February 2016. Should you have any initial questions concerning a potential dispute resolution, please email us at <a href=\"mailto:info@die-seesterne.de\">info@die-seesterne.de<\/a><\/p>\r\n","protected":false},"excerpt":{"rendered":"<p>Anbieter \/ Vertretungsberechtigte \/ Inhaltlich Verantwortliche: Gastronomiekooperation Die Seesterne UGGastgeber im Jeverland26434 HorumersielTelefon: 04426-9903104Mail: info@die-seesterne.de Web-Site Design und technische Umsetzung: &hellip; <a href=\"https:\/\/www.die-seesterne.de\/index.php\/impressum\/\" class=\"more-link\"><span class=\"screen-reader-text\">Impressum<\/span> weiterlesen<\/a><\/p>\n","protected":false},"author":1,"featured_media":124,"parent":0,"menu_order":0,"comment_status":"closed","ping_status":"closed","template":"","meta":{"footnotes":""},"class_list":["post-123","page","type-page","status-publish","has-post-thumbnail","hentry"],"jetpack_sharing_enabled":true,"_links":{"self":[{"href":"https:\/\/www.die-seesterne.de\/index.php\/wp-json\/wp\/v2\/pages\/123","targetHints":{"allow":["GET"]}}],"collection":[{"href":"https:\/\/www.die-seesterne.de\/index.php\/wp-json\/wp\/v2\/pages"}],"about":[{"href":"https:\/\/www.die-seesterne.de\/index.php\/wp-json\/wp\/v2\/types\/page"}],"author":[{"embeddable":true,"href":"https:\/\/www.die-seesterne.de\/index.php\/wp-json\/wp\/v2\/users\/1"}],"replies":[{"embeddable":true,"href":"https:\/\/www.die-seesterne.de\/index.php\/wp-json\/wp\/v2\/comments?post=123"}],"version-history":[{"count":2,"href":"https:\/\/www.die-seesterne.de\/index.php\/wp-json\/wp\/v2\/pages\/123\/revisions"}],"predecessor-version":[{"id":344,"href":"https:\/\/www.die-seesterne.de\/index.php\/wp-json\/wp\/v2\/pages\/123\/revisions\/344"}],"wp:featuredmedia":[{"embeddable":true,"href":"https:\/\/www.die-seesterne.de\/index.php\/wp-json\/wp\/v2\/media\/124"}],"wp:attachment":[{"href":"https:\/\/www.die-seesterne.de\/index.php\/wp-json\/wp\/v2\/media?parent=123"}],"curies":[{"name":"wp","href":"https:\/\/api.w.org\/{rel}","templated":true}]}}

<h3 class="wp-block-heading">Anbieter / Vertretungsberechtigte / Inhaltlich Verantwortliche:</h3>



<p>Gastronomiekooperation Die Seesterne UG<br />Gastgeber im Jeverland<br />26434 Horumersiel<br />Telefon: 04426-9903104<br />Mail: <a href="mailto:info@die-seesterne.de">info@die-seesterne.de</a></p>



<p>Web-Site Design und technische Umsetzung:</p>



<p><a href="https://www.t4-consulting.de" target="_blank" rel="noreferrer noopener">T4 Consulting die regionale Medienagentur</a></p>



<p><strong>Haftungsausschluss</strong></p>



<p><strong>Haftung für Inhalte</strong><br />Die Inhalte unserer Seiten wurden mit größter Sorgfalt erstellt. Für die Richtigkeit, Vollständigkeit und Aktualität der Inhalte können wir jedoch keine Gewähr übernehmen. Als Dienstanbieter sind wir gemäß § 7 Abs.1 TMG für eigene Inhalte auf diesen Seiten nach den allgemeinen Gesetzen verantwortlich. Nach §§ 8 bis 10 TMG sind wir als Diensteanbieter jedoch nicht verpflichtet, übermittelte oder gespeicherte fremde Informationen zu überwachen oder nach Umständen zu forschen, die auf eine rechtswidrige Tätigkeit hinweisen. Verpflichtungen zur Entfernung oder Sperrung der Nutzung von Informationen nach den allgemeinen Gesetzen bleiben hiervon unberührt. Eine diesbezügliche Haftung ist jedoch erst ab dem Zeitpunkt der Kenntnis einer konkreten Rechtsverletzung möglich. Bei Bekanntwerden von entsprechenden Rechtsverletzungen werden wir diese Inhalte umgehend entfernen.</p>



<p><strong>Haftung für Links</strong><br />Unser Angebot enthält Links zu externen Webseiten Dritter, auf deren Inhalte wir keinen Einfluss haben. Deshalb können wir für diese fremden Inhalte auch keine Gewähr übernehmen. Für die Inhalte der verlinkten Seiten ist stets der jeweilige Anbieter oder Betreiber der Seiten verantwortlich. Die verlinkten Seiten wurden zum Zeitpunkt der Verlinkung auf mögliche Rechtsverstöße überprüft. Rechtswidrige Inhalte waren zum Zeitpunkt der Verlinkung nicht erkennbar. Eine permanente inhaltliche Kontrolle der verlinkten Seiten ist jedoch ohne konkrete Anhaltspunkte einer Rechtsverletzung nicht zumutbar. Bei Bekanntwerden von Rechtsverletzungen werden wir derartige Links umgehend entfernen.</p>



<p><strong>Urheberrecht</strong><br />Die durch die Seitenbetreiber erstellten Inhalte und Werke auf diesen Seiten unterliegen dem deutschen Urheberrecht. Die Vervielfältigung, Bearbeitung, Verbreitung und jede Art der Verwertung außerhalb der Grenzen des Urheberrechtes bedürfen der schriftlichen Zustimmung des jeweiligen Autors bzw. Erstellers. Downloads und Kopien dieser Seite sind nur für den privaten, nicht kommerziellen Gebrauch gestattet. Soweit die Inhalte auf dieser Seite nicht vom Betreiber erstellt wurden, werden die Urheberrechte Dritter beachtet. Insbesondere werden Inhalte Dritter als solche gekennzeichnet. Sollten Sie trotzdem auf eine Urheberrechtsverletzung aufmerksam werden, bitten wir um einen entsprechenden Hinweis. Bei Bekanntwerden von Rechtsverletzungen werden wir derartige Inhalte umgehend entfernen.</p>



<p><strong>Pflichtinformation nach der Verordnung (EU) Nr. 524/2013 des Europäischen Parlaments und Rats:</strong><br />Link zur Homepage der Stelle für die Online-Beilegung verbraucherrechtlicher Streitigkeiten der Europäischen Kommission: http://ec.europa.eu/consumers/odr/ &#8211; weiterführende Informationen stehen Ihnen dort voraussichtlich ab dem 15.02.2016 zur Verfügung. Für erste Fragen zu einer möglichen Streitschlichtung stehen wir Ihnen unter <a href="mailto:info@die-seesterne.de">info@die-seesterne.de</a> zur Verfügung.</p>



<p><strong>Mandatory information according to the Regulation (EU) No 524/2013 of the European Parliament and of the Council:</strong><br />Follow this link to the website of the European Commission’s entity for online dispute resolution for consumer disputes: http://ec.europa.eu/consumers/odr/ &#8211; further information is expected to be available there from 15 February 2016. Should you have any initial questions concerning a potential dispute resolution, please email us at <a href="mailto:info@die-seesterne.de">info@die-seesterne.de</a></p>
