{"id":53,"date":"2019-07-11T13:30:23","date_gmt":"2019-07-11T11:30:23","guid":{"rendered":"https:\/\/www.die-seesterne.de\/neu\/?page_id=53"},"modified":"2019-07-11T13:33:51","modified_gmt":"2019-07-11T11:33:51","slug":"mellum","status":"publish","type":"page","link":"https:\/\/www.die-seesterne.de\/index.php\/mellum\/","title":{"rendered":"Mellum"},"content":{"rendered":"\n<p class=\"has-drop-cap\">Geniessen Sie in der famili\u00e4ren und herzlichen Atmosph\u00e4re unseres \nHauses friesische Gastlichkeit und lassen Sie sich von uns verw\u00f6hnen. \nDurch unsere Lage fernab von jedem L\u00e4rm und doch zentral, sind wir f\u00fcr \nErholungssuchende das ideale &#8222;Zuhause&#8220;. Hier haben Sie die M\u00f6glichkeit, \nauf angenehme Weise Ihre Kr\u00e4fte wieder aufzufrischen.<\/p>\n\n\n\n<p>Die gepflegte Atmosph\u00e4re unseres Hauses, die angenehme Stille rundum  und sicher nicht zuletzt die ganz pers\u00f6nliche Betreuung unserer G\u00e4ste  sind eine gute Vorraussetzung f\u00fcr einen angenehmen Aufenthalt an der  Nordsee. Hier finden Sie alle Vorraussetzungen Ihren Urlaub entsprechend  Ihren pers\u00f6nlichen Neigungen zu gestalten.<\/p>\n\n\n\n<h3 class=\"wp-block-heading\">Hotel Mellum<\/h3>\n\n\n\n<p>Inhaber: Claus Schmidt<br>Fasanenweg 9<br>26434 Horumersiel<br>04426 &#8211; 99080<\/p>\n\n\n\n<p><a href=\"mailto:schmidt@hotel-mellum.de\">schmidt@hotel-mellum.de<\/a><br><a href=\"https:\/\/www.hotel-mellum.de\">www.hotel-mellum.de<\/a><\/p>\n\n\n\n<ul class=\"wp-block-gallery columns-3 is-cropped wp-block-gallery-1 is-layout-flex wp-block-gallery-is-layout-flex\"><li class=\"blocks-gallery-item\"><figure><img loading=\"lazy\" decoding=\"async\" width=\"1024\" height=\"768\" src=\"https:\/\/www.die-seesterne.de\/neu\/wp-content\/uploads\/2019\/07\/mellum-001-1024x768.jpg\" alt=\"\" data-id=\"58\" data-link=\"https:\/\/www.die-seesterne.de\/neu\/index.php\/mellum\/olympus-digital-camera\/\" class=\"wp-image-58\" srcset=\"https:\/\/www.die-seesterne.de\/wp-content\/uploads\/2019\/07\/mellum-001-1024x768.jpg 1024w, https:\/\/www.die-seesterne.de\/wp-content\/uploads\/2019\/07\/mellum-001-300x225.jpg 300w, https:\/\/www.die-seesterne.de\/wp-content\/uploads\/2019\/07\/mellum-001-768x576.jpg 768w, https:\/\/www.die-seesterne.de\/wp-content\/uploads\/2019\/07\/mellum-001-144x108.jpg 144w, https:\/\/www.die-seesterne.de\/wp-content\/uploads\/2019\/07\/mellum-001.jpg 1300w\" sizes=\"auto, (max-width: 1024px) 100vw, 1024px\" \/><figcaption>Hotel Mellum<\/figcaption><\/figure><\/li><li class=\"blocks-gallery-item\"><figure><img loading=\"lazy\" decoding=\"async\" width=\"1024\" height=\"768\" src=\"https:\/\/www.die-seesterne.de\/neu\/wp-content\/uploads\/2019\/07\/mellum-002-1024x768.jpg\" alt=\"\" data-id=\"59\" data-link=\"https:\/\/www.die-seesterne.de\/neu\/index.php\/mellum\/olympus-digital-camera-2\/\" class=\"wp-image-59\" srcset=\"https:\/\/www.die-seesterne.de\/wp-content\/uploads\/2019\/07\/mellum-002-1024x768.jpg 1024w, https:\/\/www.die-seesterne.de\/wp-content\/uploads\/2019\/07\/mellum-002-300x225.jpg 300w, https:\/\/www.die-seesterne.de\/wp-content\/uploads\/2019\/07\/mellum-002-768x576.jpg 768w, https:\/\/www.die-seesterne.de\/wp-content\/uploads\/2019\/07\/mellum-002-144x108.jpg 144w, https:\/\/www.die-seesterne.de\/wp-content\/uploads\/2019\/07\/mellum-002.jpg 1300w\" sizes=\"auto, (max-width: 1024px) 100vw, 1024px\" \/><figcaption>Hotel Mellum<\/figcaption><\/figure><\/li><li class=\"blocks-gallery-item\"><figure><img loading=\"lazy\" decoding=\"async\" width=\"1024\" height=\"684\" src=\"https:\/\/www.die-seesterne.de\/neu\/wp-content\/uploads\/2019\/07\/mellum-003-1024x684.jpg\" alt=\"\" data-id=\"60\" data-link=\"https:\/\/www.die-seesterne.de\/neu\/index.php\/mellum\/mellum-003\/\" class=\"wp-image-60\" srcset=\"https:\/\/www.die-seesterne.de\/wp-content\/uploads\/2019\/07\/mellum-003-1024x684.jpg 1024w, https:\/\/www.die-seesterne.de\/wp-content\/uploads\/2019\/07\/mellum-003-300x200.jpg 300w, https:\/\/www.die-seesterne.de\/wp-content\/uploads\/2019\/07\/mellum-003-768x513.jpg 768w, https:\/\/www.die-seesterne.de\/wp-content\/uploads\/2019\/07\/mellum-003-162x108.jpg 162w, https:\/\/www.die-seesterne.de\/wp-content\/uploads\/2019\/07\/mellum-003.jpg 1300w\" sizes=\"auto, (max-width: 1024px) 100vw, 1024px\" \/><figcaption>Hotel Mellum<\/figcaption><\/figure><\/li><li class=\"blocks-gallery-item\"><figure><img loading=\"lazy\" decoding=\"async\" width=\"1024\" height=\"683\" src=\"https:\/\/www.die-seesterne.de\/neu\/wp-content\/uploads\/2019\/07\/mellum-004-1024x683.jpg\" alt=\"\" data-id=\"61\" data-link=\"https:\/\/www.die-seesterne.de\/neu\/index.php\/mellum\/mellum-004\/\" class=\"wp-image-61\" srcset=\"https:\/\/www.die-seesterne.de\/wp-content\/uploads\/2019\/07\/mellum-004-1024x683.jpg 1024w, https:\/\/www.die-seesterne.de\/wp-content\/uploads\/2019\/07\/mellum-004-300x200.jpg 300w, https:\/\/www.die-seesterne.de\/wp-content\/uploads\/2019\/07\/mellum-004-768x512.jpg 768w, https:\/\/www.die-seesterne.de\/wp-content\/uploads\/2019\/07\/mellum-004-162x108.jpg 162w, https:\/\/www.die-seesterne.de\/wp-content\/uploads\/2019\/07\/mellum-004.jpg 1300w\" sizes=\"auto, (max-width: 1024px) 100vw, 1024px\" \/><figcaption>Hotel Mellum<\/figcaption><\/figure><\/li><\/ul>\n","protected":false},"excerpt":{"rendered":"<p>Geniessen Sie in der famili\u00e4ren und herzlichen Atmosph\u00e4re unseres Hauses friesische Gastlichkeit und lassen Sie sich von uns verw\u00f6hnen. Durch &hellip; <a href=\"https:\/\/www.die-seesterne.de\/index.php\/mellum\/\" class=\"more-link\"><span class=\"screen-reader-text\">Mellum<\/span> weiterlesen<\/a><\/p>\n","protected":false},"author":1,"featured_media":61,"parent":0,"menu_order":0,"comment_status":"closed","ping_status":"closed","template":"","meta":{"footnotes":""},"class_list":["post-53","page","type-page","status-publish","has-post-thumbnail","hentry"],"jetpack_sharing_enabled":true,"_links":{"self":[{"href":"https:\/\/www.die-seesterne.de\/index.php\/wp-json\/wp\/v2\/pages\/53","targetHints":{"allow":["GET"]}}],"collection":[{"href":"https:\/\/www.die-seesterne.de\/index.php\/wp-json\/wp\/v2\/pages"}],"about":[{"href":"https:\/\/www.die-seesterne.de\/index.php\/wp-json\/wp\/v2\/types\/page"}],"author":[{"embeddable":true,"href":"https:\/\/www.die-seesterne.de\/index.php\/wp-json\/wp\/v2\/users\/1"}],"replies":[{"embeddable":true,"href":"https:\/\/www.die-seesterne.de\/index.php\/wp-json\/wp\/v2\/comments?post=53"}],"version-history":[{"count":3,"href":"https:\/\/www.die-seesterne.de\/index.php\/wp-json\/wp\/v2\/pages\/53\/revisions"}],"predecessor-version":[{"id":62,"href":"https:\/\/www.die-seesterne.de\/index.php\/wp-json\/wp\/v2\/pages\/53\/revisions\/62"}],"wp:featuredmedia":[{"embeddable":true,"href":"https:\/\/www.die-seesterne.de\/index.php\/wp-json\/wp\/v2\/media\/61"}],"wp:attachment":[{"href":"https:\/\/www.die-seesterne.de\/index.php\/wp-json\/wp\/v2\/media?parent=53"}],"curies":[{"name":"wp","href":"https:\/\/api.w.org\/{rel}","templated":true}]}}